-23 + m. What are the prime factors of u?
2, 3
Suppose -q - 2*f = -8, -3*q - 9 = 3*f - 45. List the prime factors of q.
2
Let b be 3/(6/2) - 1. Suppose b*c - 90 = -2*c. What are the prime factors of c?
3, 5
Let k(r) be the second derivative of r**3/3 - 3*r**2/2 - 3*r. List the prime factors of k(9).
3, 5
Let x = -16 + 18. Suppose 3*a - a = 2*s - 50, 72 = 3*s - x*a. What are the prime factors of s?
2, 11
Suppose -p = -5*h - 1 - 47, p = 3*h + 38. Suppose 2*q + l = p, -3*q + 4*q + 3*l - 9 = 0. Suppose -q = -4*m + 36. What are the prime factors of m?
2, 3
Let l = 16 - 13. Suppose 9*p - 4*p = l*k + 95, 5*k - 38 = -2*p. What are the prime factors of p?
19
Suppose -5*f + 50 = -35. List the prime factors of f.
17
Suppose 9*m - 180 = 4*m. Suppose 9 = 5*f - m. List the prime factors of f.
3
Let t be (-12 + 10)*(-1)/(-2). What are the prime factors of 4/t*(-148)/16?
37
Suppose -2 = 5*t + 8. Let b = 25 + -25. Let o = b - t. List the prime factors of o.
2
Let a(g) = g**2 - 4*g - 2. Let t be a(7). Suppose -8 - t = -3*s. What are the prime factors of s?
3
Suppose 0 = 5*y - 3*n - 277, -y + 6*y - 5*n = 275. List the prime factors of y.
2, 7
Let x = -51 + 115. List the prime factors of x.
2
Let w(b) = 9*b. List the prime factors of w(6).
2, 3
Suppose 3*u - 15 = 9. Suppose 4*b + r = 32, -2*r = -3*b + u + 5. Suppose -2*k = -t + 13, 0 = t + 4*k - b + 24. List the prime factors of t.
3
Let l = -38 + -76. Let t = l + 200. Suppose -4*p = 34 - t. What are the prime factors of p?
13
Suppose -n + 4*n + 1369 = 5*m, -828 = -3*m + 4*n. List the prime factors of m.
2, 17
Let g be 1*7*2/2. Suppose -g = -d + 23. Suppose -m - d = -4*m. What are the prime factors of m?
2, 5
Let z = -2 - -5. Let w(v) = 5*v - 4. List the prime factors of w(z).
11
Let i(u) = u**2 - 7*u + 12. Let f be i(8). Suppose 6*b = 11*b - f. What are the prime factors of -26*(2/(-1))/b?
13
Suppose -4*v + 2*c - c - 97 = 0, 117 = -4*v + 5*c. Let r = v - -40. What are the prime factors of r?
17
Suppose 2*n = 4*v - 1 + 3, 0 = -3*n + v + 13. Suppose 3*r = 19 + n. List the prime factors of r.
2
Let s(n) = -n**3 + 10*n**2 + 3. Let a be s(10). What are the prime factors of (1 + a)/4 - -15?
2
Let c(w) = w**3 - 3*w**2 - 2*w + 3. Let m be c(3). Let x = m - -8. Suppose -56 + 1 = -x*r. List the prime factors of r.
11
Let n = 12 + -8. Let l(t) = 2*t**2 - 2*t - 3. Let y be l(n). Suppose 4*a + 1 = y. What are the prime factors of a?
5
Let h(d) = -d**2 + 18*d + 4. Let k(n) = -2*n**2 + 19*n + 4. Let v(w) = 5*h(w) - 4*k(w). What are the prime factors of v(-6)?
2, 7
Let u be -1*7/((-21)/6). Suppose -u*t = 2*k - 38, 0*k + 61 = 3*k + 2*t. List the prime factors of k.
23
What are the prime factors of -3 - (-1 + -4) - -236?
2, 7, 17
Suppose -2*j + 1 + 11 = 0. Suppose -2*a + j*a - 24 = 0. What are the prime factors of a?
2, 3
Suppose -113 = -5*j + 472. List the prime factors of j.
3, 13
Suppose 7*g + 19 = 509. What are the prime factors of g?
2, 5, 7
Let i be (9/6)/(9/120). What are the prime factors of 245/i - 1/4?
2, 3
Suppose 0*k - 2*k + 16 = 4*t, 4*t = 4*k - 32. Let d be (1 - 1) + k/4. Suppose -c + d = -6. What are the prime factors of c?
2
Let i = -31 + 15. Let s = i - -30. What are the prime factors of s?
2, 7
Let j(q) = -4*q + 30. List the prime factors of j(-18).
2, 3, 17
Let x(z) = z**3 + 7*z**2 + 4. What are the prime factors of x(-7)?
2
Let q = -6 - -4. Let z = 15 - q. List the prime factors of z.
17
Suppose -5*q - 2*x + 93 = 0, 3*q = -x + 6*x + 62. Let f = q + -13. What are the prime factors of f?
2, 3
Let c(b) = -b - 4. Let o be c(-7). Let d = 18 + o. List the prime factors of d.
3, 7
What are the prime factors of 1*41/(-1 - -2)?
41
Suppose -n = 4*q - 10, n = 4*q + 3*n - 8. Suppose -3*y + 6 = -y. Suppose y*u - 8 = -2*l + 14, -q*l + 37 = 5*u. What are the prime factors of u?
2
Let f(b) = -b - 4. Suppose 0 = j - 0*j + 4*a + 2, 2*j = -3*a - 9. Let h be f(j). Suppose -k + 12 = h*n, -3*k + 18 = 3*n + 2*k. What are the prime factors of n?
2, 3
Let t be 6652/7 + 10/(-35). List the prime factors of t/22 + (-6)/33.
43
Let n(d) = 6*d - 5. Let o be n(5). Let q = o - 12. List the prime factors of q.
13
List the prime factors of (-8)/1*124/(-16).
2, 31
Suppose -11*x + 64 = -7*x. What are the prime factors of x?
2
Let i(v) = 6*v - 41. Let o(g) = g - 8. Let m(b) = 2*i(b) - 11*o(b). List the prime factors of m(7).
13
Let f be (-39)/(-12) - (-6)/8. Suppose 0*w + 48 = 4*j - 3*w, 2*w = f*j - 44. What are the prime factors of j?
3
Let a(m) = 4*m**2 - m + 13. Let o(n) = 2*n**2 + 7. Let z(c) = 6*a(c) - 11*o(c). List the prime factors of z(4).
3
Suppose 5*r - 2*r - 12 = 0. Let k(c) = c**3 - 3*c**2 - 5*c + 5. Let p be k(r). Suppose p = l - 3. What are the prime factors of l?
2
Let x = -35 + 171. List the prime factors of x.
2, 17
Let l(m) = -m**3 + 6*m**2 + 6*m + 7. Let j be l(7). Let w(o) = -o**3 + o**2 - o + 4. List the prime factors of w(j).
2
Let w(h) = -4*h**2 + h + 4. Let j(n) = -1. Let o(y) = -5*j(y) - w(y). What are the prime factors of o(-2)?
19
Let i be ((-5)/(-2))/(4/8). Suppose 2 = 4*b + 2*m + 38, -i*b + 5*m = 15. Let t = b + 19. List the prime factors of t.
2, 3
Let w be ((-30)/(-25))/((-4)/(-30)). Let b = w + -3. What are the prime factors of b?
2, 3
Suppose 6 = 3*j, -2*w - 12*j = -14*j - 614. What are the prime factors of w?
3, 103
Let n = 77 - 31. What are the prime factors of n?
2, 23
Let s(y) be the first derivative of y**3/3 + 3*y**2/2 - 4*y + 2. Let a = -10 - -5. List the prime factors of s(a).
2, 3
Let q(m) = -2*m - 6. Let i be q(-7). Suppose -2*g + 4*x = -16, -3*x = 2*g - i*x - 19. Suppose 2 = g*b - 6. List the prime factors of b.
2
Let o = 229 + -160. What are the prime factors of o?
3, 23
Let v(x) = 2*x + 3. Let q(i) = 2*i - 2. Let k be q(3). What are the prime factors of v(k)?
11
Let a = -12 + 16. List the prime factors of (-81)/(-6) + (-2)/a.
13
Suppose 3*l + 17 - 5 = 2*c, -3*l = -5*c + 12. Suppose 5*p = c, p = 5*h - p - 15. List the prime factors of h.
3
What are the prime factors of (1/1 - 0)/((-20)/(-3880))?
2, 97
Let d(o) = 6*o**3 + o**2. List the prime factors of d(1).
7
Let w(m) = -m + 12. Let a(o) = -o - 1. Let x(r) = -3*a(r) - w(r). List the prime factors of x(6).
3, 5
Suppose -3*k + 7*k = 4. Let q be 7 - -1 - 3/k. Suppose h - q = -2. What are the prime factors of h?
3
Let d = -234 - -352. List the prime factors of d.
2, 59
Let c(h) = h**2 - 4. List the prime factors of c(-11).
3, 13
Let j(b) = 3*b. Let g be j(1). Suppose 2*x = 5*l - 94, -g*x = -0*x + 6. What are the prime factors of l?
2, 3
Let s(t) = -45*t - 30. What are the prime factors of s(-9)?
3, 5
Let s be (1/3)/((-2)/(-48)). Let p = 8 - 13. Let z = p + s. What are the prime factors of z?
3
Suppose 0 = 3*m - 22 - 44. What are the prime factors of m?
2, 11
Let i(k) = k**2 + k - 1. Let s(o) = 3*o**2 - 4*o + 2. Let m(r) = -4*i(r) + s(r). List the prime factors of m(-8).
2, 3
Let d be 1/(-4) - 10/(-8). Let q = d - -2. Suppose 3*z - 27 = -u - u, 40 = q*u + 4*z. What are the prime factors of u?
2, 3
Suppose 0*x = x - 6. Suppose o - 2*o = -x. List the prime factors of (-2)/(o/9*-1).
3
Let k(y) = 6*y**2 - 3*y + 13. What are the prime factors of k(4)?
97
Let h(j) = j**3 + j + 2. Let o be h(0). Let a(t) = 2*t**3 - 2*t + 1 + 0 + 5*t**2 - 4*t**2 - 3*t**2. List the prime factors of a(o).
5
What are the prime factors of (-2)/8 + 291/12?
2, 3
Suppose -5*x = -8 - 12. Let s = x - 1. Suppose -2*t - s*t = -30. What are the prime factors of t?
2, 3
Let l be ((-15)/20)/(2/8). List the prime factors of 2 - 0/l - -3.
5
Suppose 3*l - 141 = 3*u, 4*u + l = 3*u - 57. What are the prime factors of 3/(-2)*u/3?
2, 13
Let h(y) = -y**3 + 11*y**2 + 2*y + 7. Suppose 3*j - 6*o = -3*o + 45, o = -4. List the prime factors of h(j).
29
Suppose o + 3*g = 5*o + 9, 5*o + g = 3. Suppose o = -3*d + 3*m + 39, -3*d + 59 = -3*m + 5*m. What are the prime factors of d?
17
Let i be (4/5)/((-16)/(-40)). What are the prime factors of 690/24 - i/(-8)?
29
Let v = -50 + 24. Let a be (12 + (1 - 3))*-4. Let f = v - a. List the prime factors of f.
2, 7
Let a(r) be the first derivative of 7*r**2/2 + r + 6. List the prime factors of a(3).
2, 11
What are the prime factors of 2 + -1 - (-14 - 15)?
2, 3, 5
Suppose 2 = 3*c - 5*l - 4, -3*c = 2*l - 27. Suppose -c - 2 = -b. List the prime factors of b.
3
Suppose r 